t d(r) = -r**2 - 1. Calculate d(j).
-17
Let l(i) = i**2 - 8*i - 8. Let c be (4*(-6)/(-48))/(4/112). Suppose 0 = 4*y + q - 36, c*q - 27 = -3*y + 9*q. Give l(y).
1
Let j(i) = 2*i - 20. Suppose -3*x = 3*a - 981, 4*x + 27 - 683 = -2*a. Let o = 333 - a. Calculate j(o).
-6
Let t = -33 - -27. Let g(y) be the third derivative of y**5/60 + 7*y**4/24 + 2*y**3/3 - 253*y**2 + y. Give g(t).
-2
Let g = 25 + -3. Suppose -14 = 4*p - g. Let b(r) = 4*r + p*r + r**2 + 3 - 5 - 3*r. Calculate b(-5).
8
Let h(u) be the second derivative of -u**5/20 + 2*u**4/3 + 4*u**3/3 + 21*u**2/2 - 5*u. Let a(k) = -k**2 - 186*k - 5391. Let y be a(-36). Give h(y).
12
Suppose -4*s + 5 - 25 = -2*l, -2*l + 14 = -s. Let c(z) = 4*z**2 - 4*z + 7. Let g(w) = w**2 + w - 1. Let d(i) = -c(i) + 3*g(i). Give d(l).
-4
Suppose 0 = 2650*f - 2602*f - 192. Let j(k) = k - 25. What is j(f)?
-21
Let r(b) = -3*b - 11544*b**2 + 1 + 11549*b**2 + 0*b. Determine r(1).
3
Let q(u) = 324*u**3 - 323*u**3 + 2*u**2 + 4*u - 5 - 3*u. Calculate q(0).
-5
Suppose 2*z - 15 = 7. Suppose 16*m = z*m + 20. Let k(l) = -5*l - 6*l - 1 - m + 10*l. Calculate k(0).
-5
Let n(b) = 3*b**2 - 8*b + 11. Let s(u) = -84 + 189 - 9*u - 92 + 4*u**2. Let o(c) = 3*n(c) - 2*s(c). Determine o(4).
-1
Suppose 23*k = -168 + 30. Let m(c) = -c**2 - 6*c - 32. Determine m(k).
-32
Let t(z) = z - 5. Suppose -4*b = -8*n + 10*n - 4, 46 = -5*n + 4*b. Let l be 6/(-2 + -4) - n. Determine t(l).
0
Let f(q) = 2*q**2 - 6*q + 4. Let b(z) = -4*z**3 - 11*z**2 - 3*z + 48. Let y be b(-7). Let o = -898 + y. Determine f(o).
12
Suppose h - 9 = -c, 5*c + 0*h - 52 = 2*h. Let f(t) = -7*t - 2. Let u(r) = 11*r + 3. Let v(y) = c*f(y) + 6*u(y). Calculate v(-4).
14
Let z(r) be the second derivative of -r**4/4 - r**3/2 + 9*r**2/2 + 34*r - 1. Let k(x) = -5*x**2 - 4*x + 11. Let v(j) = -4*k(j) + 5*z(j). Calculate v(-1).
5
Let s = 24 + -6. Let g = s - 3. Suppose -g*a - 18 = -13*a. Let l(j) = -j**3 - 10*j**2 - 9*j - 5. Give l(a).
-5
Let b(p) = -80 - 94 + p + 266 - 94. Suppose -5*d = 4*l + l - 50, 3*d = -5*l + 44. What is b(l)?
5
Let f be ((-304)/24 + 13)/(1/6). Let v be 31/(-62) - 7/f. Let g(z) = -3*z**2 - 6*z - 1. Give g(v).
-25
Suppose 2*c = -4*w + 8, -2 + 5 = w. Let m(l) = -6*l + 13704. Let f(x) = 6*x - 15227. Let o(a) = -9*f(a) - 10*m(a). What is o(c)?
-9
Suppose 5*l = 2 + 13. Let o(y) = 6*y - 83. Let m(x) = x - 17. Let a(f) = 19*m(f) - 4*o(f). What is a(l)?
-6
Let s(d) be the third derivative of d**5/60 + 11*d**4/24 + 7*d**3/3 - 13*d**2 - 25*d + 3. Give s(-5).
-16
Let t(a) = -a**2 - 8*a - 104. Let i(s) = 2*s**2 + 15*s + 181. Let k(w) = 6*i(w) + 11*t(w). What is k(-9)?
5
Let b(q) = q**2 - q - 16. Suppose 18*k - 19*k - v = 0, 3*v = -5*k. Calculate b(k).
-16
Let l be (-9 + 13 - 10)/(54/72). Let s(b) = -b**3 - 10*b**2 - 17*b + 17. Give s(l).
25
Let k(d) = 217*d**3 - 3*d**2 + 20*d - 10. Let i be k(4). Let f(p) = 13909 + i + p**2 - 27821. Suppose -m = m + 8. Determine f(m).
14
Let x(r) = -12 + r + 0 + 7. Suppose -b - 30 = 2*b. Calculate x(b).
-15
Let k(a) = -5*a - 73. Let l(n) = -n**3 - 26*n**2 + 30*n + 1859. Let z be l(-24). Calculate k(z).
-8
Let u be -4 - 4/(8/(-18)). Let j(o) = 158 - 50 - o - 41 - 59. Calculate j(u).
3
Let m(x) be the third derivative of -x**6/60 - x**5/20 - x**4/24 + 5*x**3/3 + 450*x**2 - 2. Give m(-3).
40
Let g(z) = 13*z**3 - 23*z**2 + 3*z - 36. Let c(l) be the first derivative of -3*l**4/4 + 2*l**3 - l**2/2 + 9*l - 56. Let a(f) = 9*c(f) + 2*g(f). Give a(8).
-15
Let j(f) = -f**3 - 8*f**2 - 9*f - 6. Let o = 135 - -93. Let z = o + -235. Determine j(z).
8
Suppose -4*u + 3 = -1. Let t be (-378)/(-108) + 3/(-2). Let n(h) = -t + 1 + 1 + 5*h. What is n(u)?
5
Let w(x) = 245*x + 248*x - x**2 - 730*x - 2 - 37*x**3 + 240*x. What is w(1)?
-37
Suppose -y - 2*y = -3, m - 4 = 2*y. Suppose -18*b + 30 + m = 0. Let h(x) = 8*x - 1. Determine h(b).
15
Let x(y) = -y + 14. Suppose -h - 876 = -4*u - 3*h, -u + 2*h + 224 = 0. Let j = u + -214. Determine x(j).
8
Let h be 2 - -1 - (-16 - -56)/10. Let l(p) be the second derivative of 1/3*p**4 + 0 - 1/3*p**3 - 1/2*p**2 - 4*p. Determine l(h).
5
Let w be ((-1)/(-3))/((-38)/(-17214)). Let a(l) = 4 - 143*l + 295*l - w*l. Let z be (-144)/27 + 4/(-6). Calculate a(z).
-2
Suppose -3*n - 4*l + 11 - 2 = 0, -n + 3*l + 3 = 0. Suppose 3*v + 11 = 2*a, n*a - 3*v + 0*v = 21. Let r(h) = h**2 - 13*h + 10. Calculate r(a).
-20
Let a(k) = k**2 + 4*k + 1. Let n(j) = j - 8. Let m(q) = -q + 7. Let x(v) = 7*m(v) + 6*n(v). Suppose 3 = 2*z - 5*z. Let f(h) = z*a(h) + x(h). Give f(-5).
0
Let f(q) = 6*q**3 + 11*q**2 - 2*q - 2. Let b be f(-2). Let t(w) = 3*w + 4*w**2 + 1 + 3 - 1. What is t(b)?
13
Let f(p) = p**3 - p**2 + p + 31. Suppose d - 32 = -3*d. Suppose d*q - 5*q = 8*q. Give f(q).
31
Suppose -24 = 17*s + 7*s. Let u(y) = -7*y**3 - 2*y**2 + 1. Calculate u(s).
6
Let g(p) = -8*p + 339. Suppose 1373*d + 665 = 1420*d - 1309. Calculate g(d).
3
Let y(r) = 12*r**3 + r**2 + r + 1. Suppose -3*p + u - 21 = -5*p, p - 4*u - 33 = 0. Suppose -p = 28*d - 15*d. Calculate y(d).
-11
Let x(y) = -3*y**2 - 34*y - 7. Let c(q) = -12*q**2 - 137*q - 29. Let a(s) = 5*c(s) - 21*x(s). Calculate a(-10).
12
Let l(a) = a**3 - 13*a**2 + 12*a + 3. Let b = -458 - -273. Let f = -173 - b. What is l(f)?
3
Suppose -3*u = -3*c - 3, -3*c + 8 = 3*u + 23. Let a(w) = w**3 + 2*w**2 + w - 1. Let g be a(u). Let d(z) = 36*z + 3 + 2 - 5 + 0 - 37*z. Give d(g).
3
Let m(y) = 6*y + 54. Suppose -t = -w - 6, 3*w - 686 = 2*t - 709. Give m(w).
-12
Suppose 4*v = -4*n + 64, 30 + 44 = 4*v + 2*n. Suppose -v*q - 60 = -6*q. Let h(z) be the second derivative of -z**4/12 - 5*z**3/6 + z**2/2 + z. What is h(q)?
5
Let k(w) = 2*w**2 - 4*w - 1. Let d(z) = z**3 + 15*z**2 - z - 4. Let f = -1 - 14. Let p be d(f). Suppose 2*i - p = -5. What is k(i)?
5
Let r(c) be the third derivative of c**4/6 + 33*c**2 + 11*c + 3. Let u be ((-1)/3)/((-2)/6). What is r(u)?
4
Let i(x) be the third derivative of -x**6/120 + 19*x**5/60 - 55*x**3/6 - 7987*x**2. Give i(19).
-55
Let j = -6608 + 6624. Let r(s) = -s**3 + 18*s**2 - 30*s - 20. Determine r(j).
12
Suppose 5*m - 24*p = -28*p + 1673, 3*m = 2*p + 995. Let q = m - 321. Let j(u) = -u**3 + 12*u**2 + 3*u - 14. Determine j(q).
22
Let c(s) = 62*s + 176. Let r be c(-3). Let g(n) = -n**3 - 10*n**2 + n - 4. What is g(r)?
-14
Let z(d) be the second derivative of 11/6*d**3 - 50*d + 0 + 17/2*d**2 + 1/12*d**4. Give z(-8).
-7
Let l(f) be the first derivative of f**4/4 - 2*f**3/3 - f**2 + 2*f - 363. Let q be (-6 - -9)/((-2)/(2/1)). Give l(q).
-37
Let o(p) be the second derivative of p**5/20 + 7*p**4/3 + p**3/6 + 35*p**2/2 + 277*p. Calculate o(-28).
7
Let c = 57 + 319. Suppose -c*h = -384*h + 40. Let z(v) be the second derivative of v**4/12 - 5*v**3/6 + v**2 + v. Give z(h).
2
Let w(p) = 4*p + 5. Let h(q) = 5*q + 2. Let m = -142 - -145. Let k(c) = m*h(c) - 4*w(c). Calculate k(-10).
-4
Let j = 11898 - 11889. Let y(l) = -l**2 + 19*l - 15. What is y(j)?
75
Let m(s) = -2*s**3 + 3*s + 1. Suppose 12*t + 282 = 14*t. Let y = 139 - t. Determine m(y).
11
Suppose 2*g + 1 = 3. Let w be (-10)/(g - 9/3). Let i(y) = -y + 13. Let r be i(w). Let k(s) = -s**2 + 9*s - 11. Calculate k(r).
-3
Let h(g) = g**3 + 5*g**2 - 5*g + 3. Let a = -414 - 435. Let v = a - -843. What is h(v)?
-3
Let p(t) = 3*t + 1273*t**3 - 9*t**2 - 1272*t**3 - 20 - t. Give p(9).
-2
Let x(r) be the first derivative of -r**4/4 + 7*r**3/3 - 4*r**2 - 4*r - 48. Let s = 70 + -64. Calculate x(s).
-16
Let w(g) be the first derivative of g**3/3 + 19*g**2/2 - 10*g - 5315. What is w(-20)?
10
Suppose -2*p + 113*s - 24 = 108*s, -3*p = 2*s - 21. Let k(g) be the second derivative of -g**3/6 + 4*g**2 + 31*g. What is k(p)?
5
Suppose -38 = -w - 5*h, -12*h + 14*h - 11 = w. Let z(q) = 2*q**3 + 7*q**2 - 40*q - 1. What is z(w)?
-4
Let f(p) = -7*p**3 + 2*p**2 + 4*p - 7. Let k = 18986 - 18984. Give f(k).
-47
Let u(h) = -21*h**2 - 14 + 6*h - 25*h**2 - 17*h**2 - 24*h**2 + 88*h**2. Give u(-4).
-22
Let h(m) = m**2 - 6*m - 14. Let d be (-2706)/55 - (-4)/20. Let w be (-406)/d + (-2)/7. Calculate h(w).
2
Let d be ((5 - -9)/1)/((-4)/6). Let c be (-93)/d - 20/(-35). Suppose -c*v = -3*z + 40, 4*v + 5*z + 8 = 3*v. Let u(i) = -i**3 - 8*i**2 - i - 3. What is u(v)?
5
Let y(i) = i - 1. Let q(b) = 2*b - 11. Let j(w) = q(w) + 3*y(w). Let p(a) = 3*a**2 - 30*a + 77. Let v be p(4). Determine j(v).
11
Let m